 Suppose -387 = -5*l + a*s, -3*l = -s - 2*s - 231. List the prime factors of l.
2, 3, 13
Let o be 929 + (10/(-16) - 3/8). Suppose 4*r - z - o = -3*z, 5*r = -5*z + 1160. What are the prime factors of r?
2, 29
What are the prime factors of 308308/7 - (-4 - -6 - 6)?
2, 2753
Suppose -11*i + 3134 = -485. List the prime factors of i.
7, 47
Let s(q) = q**3 + 55*q**2 - 4*q - 235. What are the prime factors of s(-52)?
3, 5, 7, 11
Let x = 44 - 39. Suppose 16*v - 34440 = -x*v. Suppose 11*p - v = 923. What are the prime factors of p?
233
Suppose -3*x - 943 = -979. Suppose -5*o = -20, -w - x*o + 1352 = -8*o. List the prime factors of w.
2, 167
Let h = -1515 + 2452. Let v = -413 + h. List the prime factors of v.
2, 131
Suppose 21450 = h - 2*z, 4*z + 105724 - 19920 = 4*h. List the prime factors of h.
2, 31, 173
Suppose 9*l - 4824 = -0*l. Let y = l + -248. What are the prime factors of y?
2, 3
Let f = 322 + -312. Suppose 8*z - f*z + y = -1324, 0 = 5*y. List the prime factors of z.
2, 331
Suppose 12*j - 3 = 11*j. Suppose 4*s - 4*z - 1502 = -338, 2*z = -j*s + 853. What are the prime factors of s?
7, 41
Let x = -94 - -140. Suppose 2*s = 3*v - 154, 0 = 4*v - 5*v + 2*s + x. Suppose -3*r - 5*j = 23 - 106, 2*r = -4*j + v. What are the prime factors of r?
31
Let x = -72 - -77. Suppose -13 - 7 = x*w, 19 = -c - 2*w. Let u(s) = s**3 + 12*s**2 + 3*s + 14. List the prime factors of u(c).
2, 3, 17
Let d be (-4)/2 - 4/(-2). Suppose i + d*i + 7 = 2*k, -i = 2*k - 5. Suppose 5 = -4*w - k, -4*n - w + 334 = 0. What are the prime factors of n?
2, 3, 7
Suppose 1 = -5*t + 41. Suppose -t*z = -1728 + 304. Let r = -120 + z. List the prime factors of r.
2, 29
What are the prime factors of ((-210072)/(-96))/(((-3)/(7 + -4))/(-4))?
8753
Let h be 123/(-3)*1 - -3. Let y = h + -3. Let s = -38 - y. What are the prime factors of s?
3
Let m(y) = 131*y**2 + 1. Let w(n) = -n + 2. Let v be w(-1). Suppose -41*z = -44*z - v. What are the prime factors of m(z)?
2, 3, 11
Suppose -2*o = -9*o - 19*o. Suppose o = 8*t - 5903 - 465. List the prime factors of t.
2, 199
Suppose 0 = -m + 2*m - 4. Suppose -m = -r - r. Suppose r*d + 305 = 7*d. What are the prime factors of d?
61
List the prime factors of (2/(-3))/(((-85)/510)/((-2966)/(-8))).
1483
Let u = 69 + 2101. What are the prime factors of u?
2, 5, 7, 31
Let j = -1921 - -1231. Let p = 119 - j. List the prime factors of p.
809
Suppose 2*n = -n - 4*a - 86, -29 = 2*n - 3*a. Let q = -15 - n. Suppose -2*b = 2*o - q*o - 217, -475 = -5*b - o. List the prime factors of b.
2, 3
Let t = 12092 - -5814. What are the prime factors of t?
2, 7, 1279
Let j be 5/(-3) - -2*(-1)/(-3). Let n be (j + 2/(-2))*(-65)/26. Suppose -39 = -n*q + 586. List the prime factors of q.
5
Suppose 355*b = -335*b + 653*b + 68376. List the prime factors of b.
2, 3, 7, 11
Let x(k) = 5*k - 50. Let d be x(24). Let t = 286 + d. List the prime factors of t.
2, 89
What are the prime factors of ((-57724)/120 - (-11)/(-66))*(-180)/4?
2, 3, 401
Suppose 2*u = -3*f + 43554, -2*f + 2*u = 3*u - 29038. What are the prime factors of f?
2, 53, 137
Let z(s) = s**3 - 59*s**2 + s - 111. Let b be z(59). Suppose 0 = k + 3*t + 133 - 19, 4*k = -t - 412. Let h = b - k. List the prime factors of h.
2, 5
Let p be (0/(-1))/(-2) + 3 - 0. Suppose 0*i - p*i = 3*i. Suppose i = 3*q + 7*q - 500. List the prime factors of q.
2, 5
Suppose 3*k - 4*v = 38055, 4*k - 2*v + 25192 = 75952. List the prime factors of k.
3, 4231
Let l = -1157 + 2162. Let t = l - -65. What are the prime factors of t?
2, 5, 107
Suppose 5*n = 22 - 2. Let y(u) = n - 4*u - 4 + 48*u - 2. What are the prime factors of y(1)?
2, 3, 7
Suppose 0 = 180*p - 138167 - 10192753. List the prime factors of p.
2, 28697
Let r(y) = -4*y**2 + y + 28. Let p be r(-6). Let j = p - -517. List the prime factors of j.
5, 79
Suppose -2*p = -10 + 6. Suppose -b - p = 2. Let r(g) = -2*g**3 - 6*g**2 - 4*g - 3. What are the prime factors of r(b)?
3, 5
Suppose 0 = -21*o + 148007 + 271825. What are the prime factors of o?
2, 3, 7, 17
Let c = -342 - -335. Let q(m) = 3*m**2 + 4*m - 36. List the prime factors of q(c).
83
Let i be (-153)/918 - -1*43/6. Suppose 8 = -4*b, -3*j = -i*b + 3*b - 5186. What are the prime factors of j?
2, 863
Let p be 196/42*5/(35/6). Suppose 0 = -5*x + 3*l + 391, -6*x - 3*l + 148 = -p*x. What are the prime factors of x?
7, 11
Let f(q) = 50*q**2 + 4*q - 4. Let m be f(2). Let x = m - 139. What are the prime factors of x?
5, 13
Let u(m) = -m**2 - 46*m - 9. Let h be u(-5). Suppose 0 = 6*l - h - 32. List the prime factors of l.
2, 19
Suppose 4*c - 108595 = 5*q, -52*c + 48*c = q - 108553. List the prime factors of c.
2, 5, 23, 59
Let w(v) = -v**3 - 13*v**2 - 2*v + 3. Let i be w(-13). Suppose i*u - 28*u - 23 = 0. Suppose -19*t + u*t = 352. List the prime factors of t.
2, 11
Let v(x) = 10*x + 402. Let j(i) = i**3 + 10*i**2 + 14*i + 22. Let k be j(-9). What are the prime factors of v(k)?
2, 43
Let y(v) be the second derivative of 3*v**3/2 + v. Let f be 41/6 + 1 + (-5)/6. What are the prime factors of y(f)?
3, 7
Let t(j) = -3*j**3 - 14*j**2 + 2*j + 165. List the prime factors of t(-18).
3, 4363
Let m = 9254 - 9289. Suppose -4*h - 2*o = -718, -3 = o - 4. Let x = h + m. What are the prime factors of x?
2, 3
Suppose -2*k = -c - 8, 4*k = k. Let m be ((-20)/(-1))/(c/(-52)). Suppose 2*w = h + m, -1 = -2*h - 5. What are the prime factors of w?
2
Let v = 1750 + 683. What are the prime factors of v?
3, 811
Let n(o) = 129*o**2 + 44*o + 292. List the prime factors of n(-6).
2, 73
Let a(z) = 54*z + 9 + 10*z + 6 + 7. List the prime factors of a(14).
2, 3, 17
Let s(u) = -16*u**2 + 2*u - 388. Let v(q) = -9*q**2 + q - 194. Let t be (-4 + 0 - 150/(-20))*2. Let k(l) = t*v(l) - 4*s(l). List the prime factors of k(0).
2, 97
Let b(s) = -1220*s + 1838. List the prime factors of b(-16).
2, 59, 181
Let q(i) = i**3 + 23*i**2 - 37*i + 40. List the prime factors of q(-24).
2, 11
Let q = -87 - -95. What are the prime factors of 2/q*1206*2?
3, 67
Let z(l) = -9*l**2 + 14*l - 24. Let q(w) = 10*w**2 - 15*w + 25. Let o(j) = -4*q(j) - 5*z(j). Let h be o(10). Let u = -268 + h. What are the prime factors of u?
2, 19
Let a(f) = 82*f**2 + 80*f + 1152. What are the prime factors of a(-16)?
2, 163
Let d(x) = -54*x - 92. Let w be d(-5). Suppose r = -3*z - w + 4106, -20 = 4*r. List the prime factors of z.
3, 19, 23
Let u(p) = -888*p + 10677. List the prime factors of u(-9).
3, 7, 127
Let k(g) = -g**3 - 111*g**2 + 63*g - 181. What are the prime factors of k(-113)?
2, 11, 829
Suppose 23 = 2*l - 399. Let p = 135 + l. List the prime factors of p.
2, 173
Let d be 166/4 + 6*9/36. Suppose -d*t + 3720 = -38*t. List the prime factors of t.
2, 3, 31
Let k(n) = -4*n - 107. Let h be k(-28). Suppose 177 = 2*i - h*x - 973, 0 = -5*i - 4*x + 2875. List the prime factors of i.
5, 23
What are the prime factors of 166/(-6)*(-1007 + 59)?
2, 79, 83
Suppose 8 - 80 = -18*q. Suppose -4919 = -q*c - 1307. List the prime factors of c.
3, 7, 43
Let b be 4 + 270/(-65) + 410/130. Suppose 23*u - 20*u + p - 1318 = 0, -b*p - 1338 = -3*u. List the prime factors of u.
3, 7
Let j(s) = s**3 + 13*s**2 - 16*s - 24. Let q be j(-14). Suppose -2*w - 4*r + 1229 + 2765 = 0, q*w = 2*r + 8038. List the prime factors of w.
3, 223
Suppose 4*m + 4*s - 2992 = 0, 2236 = -5*m + 8*m + s. List the prime factors of m/310*(-3450)/(-4).
2, 3, 5, 23
List the prime factors of 54/513 + 199990/38.
19, 277
Suppose 86*t - 40 = 76*t. Suppose -16 = t*a, 12*a - 9*a = 5*o - 6737. List the prime factors of o.
5, 269
Let s = -3445 + 5507. List the prime factors of s.
2, 1031
Suppose 2*q - 6 = a, 18 = 2*q - 5*a - 4. Let i(b) = 10*b**3 - 4*b**2 - 3*b. Let x be i(-2). List the prime factors of (q + (-2)/3)/((-6)/x).
5
Let d = 2163 + -1531. Suppose -4*t = 3*s - d, 119 + 725 = 4*s + 5*t. What are the prime factors of s?
2, 3
Suppose 29569 = 3*p + b, 1671*b + 19710 = 2*p + 1672*b. What are the prime factors of p?
9859
Suppose f + k + 4 = 0, -k - k = -2*f + 8. Suppose f = -17*j + 18*j - 135. What are the prime factors of j?
3, 5
List the prime factors of (-480)/54 + 9 - 130704/(-27).
47, 103
Let b(i) = -i**2 - 22*i - 49. Let g be b(-9). Suppose -8*j = -2428 + g. What are the prime factors of j?
5, 59
Let o(q) = -875*q**3 + 2*q**2 - q - 2. Let g be o(-1). Suppose -6*m - g = -4*m. Let s 